o**2 + 2*o - 2. Let k be i(-2). Let a = -2 + k. What is u(a)?
-9
Suppose -x - 4 + 0 = 0. Let n(z) = -5*z**2 + z - 2. Let s(b) = b**2 - b + 1. Let f(u) = -n(u) - 4*s(u). Give f(x).
2
Let g be 1 + -2 + 4/3. Let p(i) be the first derivative of 1 + 1/2*i**2 - 5*i + 1/4*i**4 + g*i**3. Calculate p(0).
-5
Let f(p) = 1455*p**2 - p + 0 - 2 - 1453*p**2. Determine f(-2).
8
Suppose 0 = -5*a + a - 20. Let t(q) = q**3 + 6*q**2 + 5*q + 2. What is t(a)?
2
Let i(g) = -6*g + 3. Let b be i(2). Let n(x) = -x**3 - 9*x**2 - x - 3. What is n(b)?
6
Let q(s) = 7*s**2 + 8 - 2*s + s**3 + 0*s**3 + 7*s - 3*s. Calculate q(-7).
-6
Let p(c) be the first derivative of -c**3/3 - c**2/2 - 38. Suppose -4*o - 5*q - 3 = 0, 2*o + 5*q = -o - 1. Determine p(o).
-2
Let g(f) = -f**2 + f. Let j(n) = -5*n**2 + 9*n + 4. Let k(a) = -4*g(a) + j(a). Let u be 19/3 - 2/6. Determine k(u).
-2
Suppose 2*a = 4*j - 12, -5 = -4*j + 5*a + 19. Let m be j/4 - 38/(-8). Let o(w) = -5 + m*w**2 - 1 + w + 3 - w**3. Calculate o(5).
2
Let v(g) = -g**3 - 5*g**2 + 5*g - 6. Let n(t) = -3*t**2 + 2*t + 2. Let r be n(2). What is v(r)?
0
Let q(s) be the first derivative of s**4/4 - 5*s**3/3 - 3*s**2/2 - 7*s - 13. Determine q(6).
11
Let h(c) = -2*c**3 - 14 + 10 + 2*c**2 + 5*c**2 + 5*c + 3*c**3. Determine h(-5).
21
Let n(q) = 15*q**3 + 6*q**2 + 17*q - 17. Let g(p) = 7*p**3 + 3*p**2 + 8*p - 8. Let m(k) = -13*g(k) + 6*n(k). Let z = -26 - -24. Calculate m(z).
2
Let x(s) = -s**2 + 2*s. Let y be x(3). Let r(i) = -2*i + 3*i + 0 - 5 + 1. Give r(y).
-7
Let z(m) be the third derivative of m**5/60 - m**4/4 + m**3 - 27*m**2. Give z(6).
6
Let l(v) be the second derivative of -1/2*v**2 + 0 - v + 3/2*v**3. Calculate l(1).
8
Let c(h) = -2*h**3 + h**2 + 4*h - 3. Let o be -2*(-4 + 8 + -5). Calculate c(o).
-7
Let p(r) be the third derivative of r**6/120 - r**5/60 - 5*r**4/24 + r**3/2 + 2*r**2. Let b be p(3). Let d(g) = -g**3 + 7*g**2 - 8*g + 9. Determine d(b).
-3
Let a(c) = -c**2 - 7*c. Let b be a(-5). Let d be (-2 + 1)/(2/b). Let m(w) = w**2 + 4*w - 4. Determine m(d).
1
Let d(q) = -6*q**3 + 257 + 2*q - 255 + 3*q**3 - 2*q**2. Calculate d(-2).
14
Let d(g) = -g + 0*g + 7 - 2. Let m = 91 + -85. Give d(m).
-1
Let b(z) = -2*z**2 - 7*z + 8. Let w be 6 + -9 + 0 + -3 + 0. Give b(w).
-22
Let w(g) = g**3 - 2*g**2 + 1. Let d be (1 - 1)/(-3 - -5). Suppose d = 3*m - 2*m + 1. Determine w(m).
-2
Let f(v) = -2*v + v - 13*v**2 + 2 + 14*v**2. Calculate f(3).
8
Let b(f) be the third derivative of -f**5/60 - f**4/12 - f**3 - 60*f**2. Determine b(-4).
-14
Let c(x) be the first derivative of x**2 - 2*x - 1/6*x**3 + 2. Let n(j) be the first derivative of c(j). Determine n(-4).
6
Let n be 12/(-5)*5/(-2). Suppose n*y - 6 = 3*y. Let q(d) = 3*d**2 - 4*d + 3. What is q(y)?
7
Suppose -k + 14 = 12. Let y(c) = 2*c**3 - c**2 + 3*c - 2. Determine y(k).
16
Let c(n) = n**3 + 7*n**2 + 6*n - 7. Let l = -35 + 29. Determine c(l).
-7
Let x be (-8)/(-36) - 40/18 - 0. Let m(k) = 8*k**2 + 9*k + 2. Let i(u) = 17*u**2 + 19*u + 4. Let d(a) = 6*i(a) - 13*m(a). What is d(x)?
-4
Let g(t) = -t + 25. Let z be g(15). Let x(n) = n**2 - 8*n - 9. Give x(z).
11
Let r = 40 - 44. Let w(o) = -5*o - 2. Calculate w(r).
18
Let m(b) = b**3 + 4*b**2 + b - 5. Let a(n) = 2*n**3 + 8*n**2 + 2*n - 11. Let f(p) = 2*a(p) - 5*m(p). Calculate f(-4).
7
Let d(i) be the first derivative of 5*i**2/2 + 4. Let b(r) = -r**2 - 26*r. Let q(s) = 2*b(s) + 11*d(s). Calculate q(2).
-2
Let u = -2 - -5. Let y(n) = 2*n**3 + 0*n**3 + 4 - u*n**3 + n - n**2. Give y(0).
4
Let x(o) = -5*o - 5*o + 14*o - 3*o. Determine x(7).
7
Let m(z) be the first derivative of -z**2/2 + 4*z + 50. What is m(-7)?
11
Let b(a) = -3*a**3 - 15*a**2 + 18*a + 31. Let i(x) = -2*x**3 - 10*x**2 + 12*x + 21. Let h(c) = -5*b(c) + 7*i(c). Give h(-6).
-8
Let s(r) = r**2 + r. Let a be s(4). Suppose -6*z + z - a = 0. Let m(b) = -2 - 6*b**2 + 3*b**2 + 2*b**2 + 114*b - 119*b. What is m(z)?
2
Suppose -4*i - 25 - 7 = 0. Let r = i + 3. Let j(n) = n + 6. Determine j(r).
1
Let c be 14/(-18) + (8/18)/(-2). Let s(y) = -2*y - 1. Determine s(c).
1
Let c = -3 - -9. Let b(d) be the third derivative of d**4/24 - 7*d**3/6 - 2*d**2 + 21*d. Calculate b(c).
-1
Let n(t) = 4 + 4*t + t**2 - 4*t. Let l = 13 + -10. Suppose l*d = d. What is n(d)?
4
Let c = 14 + -8. Let g(f) = c*f + 2 + 0*f - 4*f. Give g(-4).
-6
Let l(n) = n - 2 - 3*n + n. Let i be 20/6*((-18)/4 + 3). What is l(i)?
3
Let z = 13 - 8. Let h(r) be the first derivative of -r**3/6 + 2*r**2 + r - 2. Let i(o) be the first derivative of h(o). Determine i(z).
-1
Let f(n) = 3*n + 3. Let z(b) = b**3 - 11*b**2 + 16*b - 15. Let o be z(10). Suppose 5*s + o = 5*c, s + 1 = -5*c - 2. Let h = 4 + s. Calculate f(h).
-9
Suppose 0 = 17*u - 5 + 22. Let q(x) = -x**2 - 2*x + 4*x**3 - 3 + 2 + 2*x**3. Determine q(u).
-6
Let f(u) = -3*u**2 - 17*u - 11. Let x(v) = -4*v**2 - 25*v - 16. Let h(j) = 7*f(j) - 5*x(j). Give h(5).
8
Let q(n) = 3*n + 1 - 1. Suppose 0 = -2*m + 5*x + 16 + 10, 3*m - 3*x = 21. Suppose 3 + m = 3*f. What is q(f)?
6
Let u(x) be the first derivative of -x**4/4 - 5*x**3/3 + 3*x**2 - 3*x + 3. Calculate u(-6).
-3
Suppose 4*d + 26 = 5*w, 6 = -5*w - 2*d - 2*d. Let g(f) = -2*f**3 - 2 + 0 + f + 3*f**3 - 2*f**2. Determine g(w).
0
Let u(n) be the first derivative of -7/2*n**2 + 2/3*n**3 + 1/4*n**4 - 5*n - 1. What is u(-4)?
-9
Suppose 0 = 5*m + 23 - 3. Let t(s) = -9*s + 1. Let l(d) = -5*d. Let x(b) = -11*l(b) + 6*t(b). What is x(m)?
2
Let q(t) be the first derivative of 4*t**2 - 6. Let j(l) = 2 - 7*l + 2*l**2 - l**2 - 1. Let o be j(7). Determine q(o).
8
Let q(u) be the third derivative of -u**7/2520 + u**6/90 + u**5/12 - u**4/24 + 9*u**2. Let d(b) be the second derivative of q(b). Calculate d(9).
1
Let y be (2/(-6))/(1/(-9)). Let j be 3/((9/(-2))/(-3)). Let t = y + j. Let s(c) = c - 2. Determine s(t).
3
Let u(k) = 7*k**3 - 3*k**2 + k + 8. Let n(s) = 6*s**3 - 2*s**2 + s + 7. Let y(q) = 6*n(q) - 5*u(q). Determine y(-3).
-1
Let p(m) = m - 2. Let s be 5/3*-3*1. Calculate p(s).
-7
Let t(f) = 6*f**3 + 6*f + 16. Let v(a) = a**3 + a + 3. Let p(r) = 2*t(r) - 11*v(r). Let k be p(1). Let o(y) = 12*y**2 + 2*y - 1. Calculate o(k).
13
Let v(s) = -1 + 0 + 28*s**2 - s - 27*s**2. Give v(-2).
5
Let i(r) = -10 - 6*r**3 + r**2 + 3 + 6 - r. Suppose 5*k = -3*f + 2*f + 7, 5*f - 11 = -k. Suppose a = f*a + 1. Calculate i(a).
7
Let d be 1*(-3 + -3 + 4). Let y(o) = -6*o. Calculate y(d).
12
Let c(s) = 2*s**2 - 15*s + 8. Let z be -2 - (3 + -2 + 4). Let h(u) = u**2 - 7*u + 4. Let b(m) = z*h(m) + 3*c(m). Suppose 4*r - 22 = -6. What is b(r)?
-4
Suppose 2*k + 4 - 10 = 0. Let d(o) = 2*o**k + 3*o + 0*o**3 - o + 4*o**2 + o. Determine d(-2).
-6
Let d(y) = y**3 - 11*y**2 - 2*y + 17. Let u be d(11). Let k(h) = h**3 + 6*h**2 + 5*h + 3. Determine k(u).
3
Let m(c) be the first derivative of -c**4/4 + 2*c**3 + c**2 + 5*c - 6. Determine m(6).
17
Let f(v) = -v**3 - v**2 - 1. Let r(u) = 7*u**3 + u**2 + 4*u + 7. Let t(y) = -6*f(y) - r(y). Let x = 4 + 0. Give t(x).
-1
Let g(t) = t**3 + t**2 - 5. Let v = 2 - -10. Suppose -z = 3*z - v. Let b be 0 + -1 + z + -2. Determine g(b).
-5
Let f(r) = -r**3 + 5*r**2 + r - 3. Let b = -11 + 16. What is f(b)?
2
Let s(p) = 5*p + 4. Let f(y) = -y. Let c be (-1)/4 - 9/(-4). Suppose 0 = k + 5*u - 24, -c*k = 2*k + 2*u - 6. Let v(b) = k*s(b) - 6*f(b). Determine v(0).
-4
Let y be 20/15*15/10. Let t(f) = f**2 - 3*f + 2. What is t(y)?
0
Let l(s) = -s**3 - 5*s**2 - 4. Let f = -108 - -103. Give l(f).
-4
Let a(b) be the second derivative of b**5/20 + 7*b**4/12 + b**3/3 + 4*b**2 + 2*b. Calculate a(-7).
-6
Let j = 10 + -14. Let v(y) be the first derivative of y**3/3 + 7*y**2/2 + 5*y - 22. Calculate v(j).
-7
Let b(h) = 4*h**2 - 41*h - 14. Let a(z) = z**2 - 10*z - 3. Let y(u) = 9*a(u) - 2*b(u). What is y(5)?
-14
Let n(w) = -w**3 - 3*w**2 + 6*w + 3. Let g(f) = 3*f**3 + 10*f**2 - 19*f - 9. Let s(j) = 2*g(j) + 7*n(j). Give s(-2).
-1
Let t(f) = -f**2. Let l(a) = -4*a**3 - 3*a**2 - a - 1. Let c = -10 + 6. Let g(w) = c*t(w) + l(w). What is g(-1)?
5
Let l(u) = 2*u - 7. Let h(y) = -y + 10. Let q be h(4). Determine l(q).
5
Let a(k) = 2*k + 4. Let t(o) = -o**3 + 3*o**2 + 7*o + 11. Let c be t(5). What is a(c)?
-4
Suppose 0 = -4*n + 4*a - 0*a - 16, 4*a = -8. Let b(w) = w**3 + 8*w**2 + 8*w + 1. Give b(n).
25
Let q = -16 + 19. Let l(w) = -2*w - 1. Give l(q).
-7
Let v(w) = 7*w